12. Let f(n) = 1 - 3*n + m*n - 1 - 2. Determine f(3).
13
Let f(w) = -w**2 + 11*w. Let o = -11 - -8. Let r(c) = c + 1. Let n(p) = o*r(p) + f(p). Determine n(6).
9
Let a(n) = n**3 + 6*n**2 - n + 3. Suppose -2*b = 4*o + 32, -6 = 2*b - 2*o - 4. Give a(b).
9
Let b = -7 - -11. Let l(a) = -138*a + 2*a**3 + 6*a**2 - 3*a**3 + 139*a - 2*a**2. Calculate l(b).
4
Let v(f) be the second derivative of f**4/12 - f**3/6 + 192*f. Give v(-1).
2
Let w(g) = 13*g + 1. Let i be 2/(-7) + (880/(-28))/(-5). Suppose -5 = -m - i. Determine w(m).
-12
Let r(n) = n**3 + 5*n**2 - 2*n - 1. Suppose 13*s + 5 = 12*s. What is r(s)?
9
Let x = -6 - -5. Let f be (-3 + 3)/2 - 0. Let z(v) = 7*v**3 - v**3 + 2*v**2 + f*v - 2*v**3 + v. Give z(x).
-3
Let v(t) = 2*t + 2. Let d(a) = a + 1. Let h(g) = -3*d(g) + v(g). Calculate h(0).
-1
Let i(y) be the first derivative of -1/3*y**3 + 5*y - 4*y**2 - 4. Give i(-8).
5
Let j(v) be the second derivative of -v**4/12 - v**3/2 + 64*v. What is j(-4)?
-4
Let h be (32/(-12))/(10/30*2). Let r(c) = -c**3 - 4*c**2 + 2*c + 7. Give r(h).
-1
Let h(a) = -a**2 + 10*a - 8. Let g be h(6). Let p(c) = 0*c + g + c - 15. Give p(4).
5
Let j(v) be the first derivative of v**4/12 + v**3/2 - 4*v**2 + 10. Let u(z) be the second derivative of j(z). Calculate u(-4).
-5
Let g(v) be the third derivative of v**6/360 - v**5/120 - v**4/24 + 3*v**3/2 - 6*v**2. Let x(j) be the first derivative of g(j). Calculate x(2).
1
Let o(k) = -16 + 10 - 15*k**3 + 5 + k**2. Determine o(1).
-15
Let z(s) = s**3 + 11*s**2 + 2*s + 24. Let y be z(-11). Let c(w) = 0*w**y + 4 - 8*w - w**2 - 7 - 4. Let h be -1 + -5 + (-1)/1. Give c(h).
0
Let n = 2188 + -2184. Let q(l) = -8*l + 23. Calculate q(n).
-9
Let c(p) be the third derivative of -p**6/60 + p**5/20 - p**4/6 + p**3/2 + 131*p**2. Give c(3).
-36
Let r(o) = o**3 - 21*o**2 + 5. Let k be r(21). Let w(b) = b + 7. Give w(k).
12
Let k(j) = 0 - j**3 + 9 - 3*j - 8*j**2 - 2*j - 6 + 6. What is k(-7)?
-5
Let p(t) = t**3 + 4*t**2 - 6. Let s(v) = 4*v**2 + 53*v + 10. Let m be s(-13). What is p(m)?
3
Let b be 2/(-5 - (-9)/2). Let w(i) be the third derivative of -5*i**4/24 - i**3 + 5*i**2. Give w(b).
14
Let z(w) be the third derivative of w**5/30 - w**4/12 + 2*w**2. Let v(l) = -8*l + 15. Let t be v(11). Let g = -75 - t. What is z(g)?
12
Let w be (1 - 2) + (0 - 5). Let g = -12 - w. Let z(v) be the second derivative of v**4/12 + v**3/2 - 7*v**2/2 + 270*v. Calculate z(g).
11
Let b(m) = -3 + 6 + 2*m - 3*m. Suppose 0 = q - 2*n - 4, -4*n + 4 = 3*q - 2*q. Give b(q).
-1
Let w(p) = 41*p**2 - 17*p - 59*p**2 + 31*p**2 - 12 + 2*p - p**3. Calculate w(12).
-48
Suppose 0 = -4*f + 8 + 116. Let j(p) = 0*p + 3*p + 37 - f. What is j(-6)?
-12
Let u = 9311/10 + -931. Let c(v) be the third derivative of -1/6*v**3 - 1/120*v**6 + 0 - 1/6*v**4 + u*v**5 - 9*v**2 + 0*v. What is c(5)?
4
Let h = 21 - 11. Suppose l - 6*l + 10 = 0. Let u(j) = -2*j - 6 + h - 6 + j**l. Give u(4).
6
Let o(s) = -3*s + 1. Suppose -66 = 3*h - 6*h. Let r be 16/(-6)*6/20*25. Let c = h + r. What is o(c)?
-5
Let z(j) = j**2 - 13*j + 13. Let g be (-2)/(-3) + -3 + 460/30. Determine z(g).
13
Let l(p) = 22*p + 91. Let y(c) = 7*c + 29. Let t(v) = 6*l(v) - 19*y(v). Calculate t(-4).
-1
Let b(x) = -3*x**3 + 2*x**2 - 4*x - 5. Let d(g) = -4*g**3 + g**2 - 5*g - 7. Let r(f) = 3*b(f) - 2*d(f). Give r(3).
2
Let z = 4 - 2. Suppose 3*o = 0, -3*o = 3*u - 3 - 3. Let y(h) = -2*h**3 + 2*h - 3. Let n(c) = -c**2. Let j(q) = u*n(q) - y(q). Give j(z).
7
Suppose 0 = 4*j - 6*j + 8. Let n(z) be the second derivative of -2/3*z**3 + 1/12*z**4 - z + 0 - 5/2*z**2. Calculate n(j).
-5
Let j(y) = -y**2 - 910 - y**3 + 0*y**2 + 910. Determine j(1).
-2
Let t = -200 - -196. Let d(x) = 6*x - 4. Give d(t).
-28
Let l(z) = 16*z**2 + 35*z + 70. Let i(u) = 7*u**2 + 17*u + 34. Let p(h) = 7*i(h) - 3*l(h). Calculate p(-12).
4
Suppose -15 = -5*t, 12 = -b + 2*b + 3*t. Suppose -r - b*r + 16 = 0. Suppose -r*p + 3*p - 1 = 0. Let g(y) = -11*y + 1. Calculate g(p).
12
Let u(b) be the first derivative of b**4/4 + 5*b**3/3 + b**2/2 + 1016. Suppose -2*f - f - 15 = 0. Determine u(f).
-5
Suppose -2*x - 6 = 24*v - 20*v, 3 = -x + v. Let w(r) = 2*r**2 + 7*r + 10. What is w(x)?
7
Let s(f) = -f**3 - 8*f**2 - 2*f - 7. Suppose l - 55 = 2*b + 7, 4 = -2*l. Let z be (-1)/(-2) + -1 + 240/b. Give s(z).
9
Let y(u) be the second derivative of u**5/20 + 5*u**4/12 + 4*u**3/3 + 3*u**2 + 691*u. What is y(-3)?
0
Let k(o) be the third derivative of o**5/30 - o**4/24 + o**2 - 7*o. Give k(-1).
3
Let z(g) be the third derivative of g**5/60 - 7*g**4/8 + 59*g**3/6 + 255*g**2. Determine z(18).
5
Suppose 0 = j - 5*i - 16, -j + 0*i - 3*i = 8. Suppose 5*z - 30 = -5*b, 5*b = 3*z + b - 53. Let y(l) = -z*l**2 + l + 3 + 6*l**2 - 3. What is y(j)?
-4
Suppose 3*w - 2*o + 20 = 2, 0 = -5*w + o - 23. Let d(p) = 3*p**2 + 8*p + 3. Let z(y) = -13*y**2 - 33*y - 11. Let l(g) = 9*d(g) + 2*z(g). What is l(w)?
-3
Let p be (4/10)/((-20)/(-50)). Suppose 3*x = 10 - p. Let o(c) = 3*c - 2. Give o(x).
7
Let y(t) = -t**3 - 4*t - 9*t**2 + 2 - 2*t**2 + 15*t**2. Let f(j) = -j + 8. Let m be f(6). What is y(m)?
2
Let r(a) be the second derivative of a**4/12 - a**3/6 - 2*a**2 + 16*a. Let f(q) = -q**3 - 2*q. Let l be f(0). Give r(l).
-4
Let b = -71 + 78. Let y be (4 - b/2)*-4. Let z(s) = 24*s. Let g(l) = -l. Let v(o) = -20*g(o) - z(o). What is v(y)?
8
Let v(u) be the first derivative of u**3/3 - 3*u**2/2 - 2*u - 4. Let i(q) be the first derivative of v(q). Let x = -12 + 14. Give i(x).
1
Let c be (-3)/(2 + (-78)/30). Let p(y) be the second derivative of y**5/20 - y**4/3 - 7*y**3/6 - y**2/2 - 21*y. Determine p(c).
-11
Let o = -12 + 17. Let g be (o + 1)/(9/6). Suppose 22 = -3*x + 3*z + 2*z, -g*x + z = 1. Let k(n) = -6*n**3 + 2*n**2 - n. Determine k(x).
-5
Let j(u) = u**2 + 7*u + 6. Suppose -3*i + 29 = -5*x + 9, x = 2*i - 4. Give j(x).
-6
Let c(w) = -w**2 + 108*w - 5 + 104*w - 217*w. Let y be (36/16 - 1)*-4. Give c(y).
-5
Suppose 19*r - 17 + 74 = 0. Let g(h) = h + 1. Calculate g(r).
-2
Let v(n) = -n**2 - 7*n - 1. Suppose 18*i + 29 = -97. What is v(i)?
-1
Let o(v) = v**3 - 5*v**2 - 5*v + 4. Let d be o(-2). Let i(s) = -s**2 - 14*s - 8. Calculate i(d).
-8
Let b(j) = 4*j - 4. Let k(u) = -u**3 - 3*u**2 + 5*u + 9. Let m be k(-4). Determine b(m).
16
Let b(p) be the second derivative of 0 + 1/24*p**4 - 1/60*p**5 + p**2 + 2/3*p**3 - p. Let z(s) be the first derivative of b(s). What is z(4)?
-8
Let w(p) be the second derivative of 1/20*p**5 + 0*p**2 - 1/3*p**3 + 6*p + 0 - 1/8*p**4. Let m(x) be the second derivative of w(x). Calculate m(2).
9
Let r(v) = -7*v - 12*v - 9 + 25*v + 14. Calculate r(7).
47
Let q(t) = 4*t**2 + 6*t + 3. Let u(j) = -3*j**2 - 5*j - 3. Let r(i) = 4*q(i) + 5*u(i). Let l be r(0). Let y(c) = -c**2 + c + 4. Calculate y(l).
-8
Let r(o) be the third derivative of -6*o**2 + 0 + 1/20*o**5 + 1/360*o**6 + 0*o + o**3 + 1/6*o**4. Let y(p) be the first derivative of r(p). Calculate y(-6).
4
Let w(u) = -u. Let v be 350/11 + 6/33. Suppose 4*x = 4*b - 3*b + 46, -3*x + v = -2*b. Let j = -16 + x. Calculate w(j).
4
Let m(w) = 2*w - 3. Suppose 29 = 14*x - 27. Determine m(x).
5
Let f be 15/6*(-24)/(-20). Suppose o = -1 + f. Let w be o/(((-24)/(-15))/(-4)). Let j(h) = -h**3 - 5*h**2 - 7. Calculate j(w).
-7
Let q be ((-6)/(-4))/(2/48). Suppose 0*b - q = -3*b. Let s be b/16 + (-19)/4. Let k(o) = 3*o + 6. Calculate k(s).
-6
Let w(s) = 2*s - 2. Let h = -6 - -10. Suppose 4*v + h = 2*q, 2*q - 5*v + 4 - 7 = 0. Let a = q + -1. Determine w(a).
4
Let g(d) be the first derivative of -d**4/4 + 4*d**3/3 + 5*d**2/2 + 5*d - 326. Give g(5).
5
Let j(y) be the first derivative of 5*y**2/2 - 7*y - 267. Calculate j(-5).
-32
Let s(p) = -p**2 - 2*p - 1. Let y be 4*(-17 + -4) + 3. Let g = y - -77. Determine s(g).
-9
Let h(f) be the first derivative of -5/24*f**4 - 5/2*f**2 + 1/60*f**5 + 0*f + 0*f**3 + 3. Let y(p) be the second derivative of h(p). Calculate y(6).
6
Let z(k) = -k**3 + 6*k**2 + 6*k + 6. Let d = -252 - -259. What is z(d)?
-1
Let k(y) = 15*y - 1. Suppose -2*a = 5*z - 1, -4*a = 4*z + z - 7. Let p be 35/(-21) - (-2)/a. Give k(p).
-16
Let m(k) = -k - 8. Suppose 37 = -32*x - 219. Give m(x).
0
Let w be (0/(-2) + -1)*-6. Let t(b) be the second derivative of 3*b**2 - b**3 - 1/20*b**5 + 7/12*b**4 - 6*b + 0. Calculate t(w).
6
Let h = 5 - 3. Let s(y) = -3*y**3 + 7*y**2 